{"id":2,"date":"2016-05-10T03:48:21","date_gmt":"2016-05-10T03:48:21","guid":{"rendered":"https:\/\/koerperimkontakt.de\/?page_id=2"},"modified":"2024-01-10T12:15:11","modified_gmt":"2024-01-10T12:15:11","slug":"sample-page","status":"publish","type":"page","link":"https:\/\/koerperimkontakt.de\/","title":{"rendered":"Dana Wilms-Kiss"},"content":{"rendered":"\n<figure class=\"wp-block-gallery has-nested-images columns-default is-cropped wp-block-gallery-1 is-layout-flex wp-block-gallery-is-layout-flex\">\n<figure class=\"wp-block-image size-large\"><img loading=\"lazy\" decoding=\"async\" width=\"682\" height=\"1024\" data-id=\"20\" src=\"https:\/\/koerperimkontakt.de\/wp-content\/uploads\/2023\/11\/Dana_Rund-Wilms_Kiss-682x1024.jpeg\" alt=\"\" class=\"wp-image-20\" srcset=\"https:\/\/koerperimkontakt.de\/wp-content\/uploads\/2023\/11\/Dana_Rund-Wilms_Kiss-682x1024.jpeg 682w, https:\/\/koerperimkontakt.de\/wp-content\/uploads\/2023\/11\/Dana_Rund-Wilms_Kiss-200x300.jpeg 200w, https:\/\/koerperimkontakt.de\/wp-content\/uploads\/2023\/11\/Dana_Rund-Wilms_Kiss-768x1152.jpeg 768w, https:\/\/koerperimkontakt.de\/wp-content\/uploads\/2023\/11\/Dana_Rund-Wilms_Kiss.jpeg 853w\" sizes=\"auto, (max-width: 682px) 100vw, 682px\" \/><\/figure>\n<\/figure>\n\n\n<p><span style=\"color: #993300;\"><strong>K\u00d6RPER IM KONTAKT<\/strong><\/span><br \/><br \/><strong><span style=\"color: #993300;\">\u00dcber Mich<\/span><\/strong><br \/>In Berlin geboren, lebe mit meinem Mann in Basel und bin stolze Mutter von einem erwachsenem Sohn. <br \/>Ich bin staatlich gepr\u00fcfte Physiotherapeutin und Heilpraktikerin f\u00fcr Psychotherapie.<br \/>Mit Freude, Wertsch\u00e4tzung und Achtsamkeit begleitete ich \u00fcber 20 Jahre Familien mit von S\u00e4uglingen und Kleinkindern in Diagnostik , Therapie und Beratung in einem Sozial P\u00e4diatrischen Zentrum und Familienzentren in Berlin. Ich bin dankbar f\u00fcr alle Familien mit denen ich gemeinsam lernen und wachsen konnte.<br \/>Heute arbeite ich\u00a0 als Kinderphysiotherapeutin in Rheinfelden, stehe in engen interdisziplin\u00e4ren Austausch mit den Kinder\u00e4rzt*innen und Hebammen am werk. Zus\u00e4tzlich biete ich Eltern -Baby-Beratung f\u00fcr Emotionelle Erste Hilfe (EEH) am werk und in freier T\u00e4tigkeit an.<br \/>In meiner Arbeit als Physiotherapeutin und in der Emotionellen Ersten Hilfe Begleitung ist es mir wichtig zu verstehen, was sie als Eltern, als Kind oder als Baby im Hier und Jetzt besch\u00e4ftigt oder belastet. Gemeinsam schauen wir hin, was es braucht an Anerkennung, K\u00f6rperwahrnehmung und Ressourcenst\u00e4rkung um aus einer Krise gest\u00e4rkt herauszufinden. Ein sicheres getragenen, gehalten, in Beziehung sein und ein gegenseitiges Verstehen von Anfang an sind kostbare Wurzeln f\u00fcr Sicherheit und Wachstum in unserem Leben.<br \/><br \/><strong><span style=\"color: #993300;\">Meine Schwerpunkte<\/span><\/strong><br \/><strong>Kinderphysiotherapie:<\/strong> F\u00f6rderung der sensomotorischen Entwicklung und Regulationsf\u00e4higkeit bei medizinischen Auff\u00e4lligkeiten auf Verordnung vom Arzt<br \/><strong>Emotionelle Erste Hilfe (EEH):<\/strong> Eltern-Kind-Begleitung und Krisenintervention<br \/>Die EEH begleitet \u00fcber k\u00f6rper- und prozessorientierte Methoden Eltern-Kind-Krisen rund um herausfordernde oder belastende Themen wie Weinen, Anpassung, Schlafen und Bindung. Sie unterst\u00fctzt sie dort, wo sie in der Schwangerschaft, Geburt und in der ersten Lebenszeit Belastungen erlebt haben oder wo sich Eltern mit ihrem Kind in belastenden Situationen befinden. Die EEH f\u00f6rdert eine liebevolle Verbindung von Eltern und Kind.<br \/>Sie st\u00e4rkt bei den Erwachsenen und den Kindern die psychische und k\u00f6rperliche Selbstregulation und Beziehnungsressourcen gleichermassen. Auch begleitet die EEH pr\u00e4-, peri-und postpartale und nachgeburtliche Traumatisierungen.<br \/><strong>Basic Bonding:<\/strong> Schmetterlingsmassagen zur Bindungs und Entspannungsf\u00f6rderung f\u00fcr Schwangerschaft, Eltern und Kinder <br \/><strong>Somatic Experiencing (SE) nach P. Levine:<\/strong> k\u00f6perorientierte Bew\u00e4ltigung von traumatischen Belastungen<br \/>In der Arbeit mit den Erwachsenen unterst\u00fctze ich mit k\u00f6rperorientierter Selbsterfahrung, Faszienmassagen und Beratung in ihrem Wachstum.<br \/><br \/><strong><span style=\"color: #993300;\">Mein beruflicher Werdegang<\/span><\/strong><br \/><strong>Berufliche Abschl\u00fcsse:<\/strong><br \/>seit 1989 Physiotherapeutin <br \/>Heilpraktikerin f\u00fcr Psychotherapie (Heilpraktikergesetz)<br \/><strong>Zus\u00e4tzliche Ausbildungen:<\/strong><br \/>EEH-Emotionelle Erste Hilfe Fachberaterin<br \/>EEH Basic-Bonding-Leiterin &amp; Bindung durch Ber\u00fchrung (BdB)\/ Schmetterlingsmassagen<br \/>S\u00e4uglingstherapeutin nach dem Intra-Act-Plus-Konzept <br \/>Somatic Experiencing Practitioner (SE) nach P. Levine <br \/>Traumbegleitung bei S\u00e4uglingen und Kleinkindern<br \/>Bobath Therapeutin <br \/>Manuelle Therapie<br \/>Psychomotorik <br \/>Sensorische Integration bei S\u00e4uglingen und Kleinkindern<br \/>Weiterbildung Gewaltfreie Kommunikation ( nach M. Rosenberg)<br \/>Weiterbildung Systemisch l\u00f6sungsorientierte Gespr\u00e4chsf\u00fchrung<br \/>Zapchen-Stressregualtion<br \/><br \/><strong><span style=\"color: #993300;\">Kontakt<\/span><\/strong><br \/>Dana Wilms-Kiss<br \/>Physiotherapeutin \/ Fachberaterin f\u00fcr Emotionelle Erste Hilfe<br \/>info@koerperimkontakt.ch<br \/>www.koerperimkontakt.ch<br \/>+41 (0) 77 441 31 50<br \/><br \/><strong><span style=\"color: #993300;\">Orte<\/span><\/strong><br \/><strong>Rheinfelden:<\/strong><br \/>Eltern-Baby-Beratung am Werk<br \/>Fassbindstrasse 4<br \/>4310 Rheinfelden<br \/><strong>Basel:<\/strong><br \/>Praxis Kiss<br \/>Lindenberg 8<br \/>4058 Basel<br \/>auch online oder im Hausbesuch<br \/><br \/><span style=\"color: #993300;\"><strong>Kosten:<\/strong><\/span><br \/>F\u00fcr Einzelsitzungen verrechne ich zu einem Stundensatz von Fr. 100 \/ 60 Minuten.<br \/>Die Dauer einer Sitzung betr\u00e4gt zwischen 75 und 90 Minuten<br \/><br \/>mehr demn\u00e4chst&#8230;&#8230;&#8230;&#8230;&#8230;.<br \/><br \/><a href=\"https:\/\/koerperimkontakt.de\/?page_id=5\">Kontakt<\/a><\/p>\n\n\n<p><\/p>\n","protected":false},"excerpt":{"rendered":"<p>K\u00d6RPER IM KONTAKT \u00dcber MichIn Berlin geboren, lebe mit meinem Mann in Basel und bin stolze Mutter von einem erwachsenem Sohn. Ich bin staatlich gepr\u00fcfte Physiotherapeutin und Heilpraktikerin f\u00fcr Psychotherapie.Mit Freude, Wertsch\u00e4tzung und Achtsamkeit begleitete ich \u00fcber 20 Jahre Familien mit von S\u00e4uglingen und Kleinkindern in Diagnostik , Therapie und Beratung in einem Sozial P\u00e4diatrischen [&hellip;]<\/p>\n","protected":false},"author":1,"featured_media":0,"parent":0,"menu_order":0,"comment_status":"closed","ping_status":"closed","template":"","meta":{"footnotes":""},"class_list":["post-2","page","type-page","status-publish","hentry","entry"],"_links":{"self":[{"href":"https:\/\/koerperimkontakt.de\/index.php?rest_route=\/wp\/v2\/pages\/2","targetHints":{"allow":["GET"]}}],"collection":[{"href":"https:\/\/koerperimkontakt.de\/index.php?rest_route=\/wp\/v2\/pages"}],"about":[{"href":"https:\/\/koerperimkontakt.de\/index.php?rest_route=\/wp\/v2\/types\/page"}],"author":[{"embeddable":true,"href":"https:\/\/koerperimkontakt.de\/index.php?rest_route=\/wp\/v2\/users\/1"}],"replies":[{"embeddable":true,"href":"https:\/\/koerperimkontakt.de\/index.php?rest_route=%2Fwp%2Fv2%2Fcomments&post=2"}],"version-history":[{"count":19,"href":"https:\/\/koerperimkontakt.de\/index.php?rest_route=\/wp\/v2\/pages\/2\/revisions"}],"predecessor-version":[{"id":45,"href":"https:\/\/koerperimkontakt.de\/index.php?rest_route=\/wp\/v2\/pages\/2\/revisions\/45"}],"wp:attachment":[{"href":"https:\/\/koerperimkontakt.de\/index.php?rest_route=%2Fwp%2Fv2%2Fmedia&parent=2"}],"curies":[{"name":"wp","href":"https:\/\/api.w.org\/{rel}","templated":true}]}}

<figure class="wp-block-gallery has-nested-images columns-default is-cropped wp-block-gallery-1 is-layout-flex wp-block-gallery-is-layout-flex">
<figure class="wp-block-image size-large"><img loading="lazy" decoding="async" width="682" height="1024" data-id="20" src="https://koerperimkontakt.de/wp-content/uploads/2023/11/Dana_Rund-Wilms_Kiss-682x1024.jpeg" alt="" class="wp-image-20" srcset="https://koerperimkontakt.de/wp-content/uploads/2023/11/Dana_Rund-Wilms_Kiss-682x1024.jpeg 682w, https://koerperimkontakt.de/wp-content/uploads/2023/11/Dana_Rund-Wilms_Kiss-200x300.jpeg 200w, https://koerperimkontakt.de/wp-content/uploads/2023/11/Dana_Rund-Wilms_Kiss-768x1152.jpeg 768w, https://koerperimkontakt.de/wp-content/uploads/2023/11/Dana_Rund-Wilms_Kiss.jpeg 853w" sizes="auto, (max-width: 682px) 100vw, 682px" /></figure>
</figure>


<p><span style="color: #993300;"><strong>KÖRPER IM KONTAKT</strong></span><br /><br /><strong><span style="color: #993300;">Über Mich</span></strong><br />In Berlin geboren, lebe mit meinem Mann in Basel und bin stolze Mutter von einem erwachsenem Sohn. <br />Ich bin staatlich geprüfte Physiotherapeutin und Heilpraktikerin für Psychotherapie.<br />Mit Freude, Wertschätzung und Achtsamkeit begleitete ich über 20 Jahre Familien mit von Säuglingen und Kleinkindern in Diagnostik , Therapie und Beratung in einem Sozial Pädiatrischen Zentrum und Familienzentren in Berlin. Ich bin dankbar für alle Familien mit denen ich gemeinsam lernen und wachsen konnte.<br />Heute arbeite ich  als Kinderphysiotherapeutin in Rheinfelden, stehe in engen interdisziplinären Austausch mit den Kinderärzt*innen und Hebammen am werk. Zusätzlich biete ich Eltern -Baby-Beratung für Emotionelle Erste Hilfe (EEH) am werk und in freier Tätigkeit an.<br />In meiner Arbeit als Physiotherapeutin und in der Emotionellen Ersten Hilfe Begleitung ist es mir wichtig zu verstehen, was sie als Eltern, als Kind oder als Baby im Hier und Jetzt beschäftigt oder belastet. Gemeinsam schauen wir hin, was es braucht an Anerkennung, Körperwahrnehmung und Ressourcenstärkung um aus einer Krise gestärkt herauszufinden. Ein sicheres getragenen, gehalten, in Beziehung sein und ein gegenseitiges Verstehen von Anfang an sind kostbare Wurzeln für Sicherheit und Wachstum in unserem Leben.<br /><br /><strong><span style="color: #993300;">Meine Schwerpunkte</span></strong><br /><strong>Kinderphysiotherapie:</strong> Förderung der sensomotorischen Entwicklung und Regulationsfähigkeit bei medizinischen Auffälligkeiten auf Verordnung vom Arzt<br /><strong>Emotionelle Erste Hilfe (EEH):</strong> Eltern-Kind-Begleitung und Krisenintervention<br />Die EEH begleitet über körper- und prozessorientierte Methoden Eltern-Kind-Krisen rund um herausfordernde oder belastende Themen wie Weinen, Anpassung, Schlafen und Bindung. Sie unterstützt sie dort, wo sie in der Schwangerschaft, Geburt und in der ersten Lebenszeit Belastungen erlebt haben oder wo sich Eltern mit ihrem Kind in belastenden Situationen befinden. Die EEH fördert eine liebevolle Verbindung von Eltern und Kind.<br />Sie stärkt bei den Erwachsenen und den Kindern die psychische und körperliche Selbstregulation und Beziehnungsressourcen gleichermassen. Auch begleitet die EEH prä-, peri-und postpartale und nachgeburtliche Traumatisierungen.<br /><strong>Basic Bonding:</strong> Schmetterlingsmassagen zur Bindungs und Entspannungsförderung für Schwangerschaft, Eltern und Kinder <br /><strong>Somatic Experiencing (SE) nach P. Levine:</strong> köperorientierte Bewältigung von traumatischen Belastungen<br />In der Arbeit mit den Erwachsenen unterstütze ich mit körperorientierter Selbsterfahrung, Faszienmassagen und Beratung in ihrem Wachstum.<br /><br /><strong><span style="color: #993300;">Mein beruflicher Werdegang</span></strong><br /><strong>Berufliche Abschlüsse:</strong><br />seit 1989 Physiotherapeutin <br />Heilpraktikerin für Psychotherapie (Heilpraktikergesetz)<br /><strong>Zusätzliche Ausbildungen:</strong><br />EEH-Emotionelle Erste Hilfe Fachberaterin<br />EEH Basic-Bonding-Leiterin &amp; Bindung durch Berührung (BdB)/ Schmetterlingsmassagen<br />Säuglingstherapeutin nach dem Intra-Act-Plus-Konzept <br />Somatic Experiencing Practitioner (SE) nach P. Levine <br />Traumbegleitung bei Säuglingen und Kleinkindern<br />Bobath Therapeutin <br />Manuelle Therapie<br />Psychomotorik <br />Sensorische Integration bei Säuglingen und Kleinkindern<br />Weiterbildung Gewaltfreie Kommunikation ( nach M. Rosenberg)<br />Weiterbildung Systemisch lösungsorientierte Gesprächsführung<br />Zapchen-Stressregualtion<br /><br /><strong><span style="color: #993300;">Kontakt</span></strong><br />Dana Wilms-Kiss<br />Physiotherapeutin / Fachberaterin für Emotionelle Erste Hilfe<br />info@koerperimkontakt.ch<br />www.koerperimkontakt.ch<br />+41 (0) 77 441 31 50<br /><br /><strong><span style="color: #993300;">Orte</span></strong><br /><strong>Rheinfelden:</strong><br />Eltern-Baby-Beratung am Werk<br />Fassbindstrasse 4<br />4310 Rheinfelden<br /><strong>Basel:</strong><br />Praxis Kiss<br />Lindenberg 8<br />4058 Basel<br />auch online oder im Hausbesuch<br /><br /><span style="color: #993300;"><strong>Kosten:</strong></span><br />Für Einzelsitzungen verrechne ich zu einem Stundensatz von Fr. 100 / 60 Minuten.<br />Die Dauer einer Sitzung beträgt zwischen 75 und 90 Minuten<br /><br />mehr demnächst&#8230;&#8230;&#8230;&#8230;&#8230;.<br /><br /><a href="https://koerperimkontakt.de/?page_id=5">Kontakt</a></p>


<p></p>

<p>KÖRPER IM KONTAKT Über MichIn Berlin geboren, lebe mit meinem Mann in Basel und bin stolze Mutter von einem erwachsenem Sohn. Ich bin staatlich geprüfte Physiotherapeutin und Heilpraktikerin für Psychotherapie.Mit Freude, Wertschätzung und Achtsamkeit begleitete ich über 20 Jahre Familien mit von Säuglingen und Kleinkindern in Diagnostik , Therapie und Beratung in einem Sozial Pädiatrischen [&hellip;]</p>
